{"id":2548,"date":"2020-03-26T15:11:49","date_gmt":"2020-03-26T14:11:49","guid":{"rendered":"https:\/\/mowomoevents.com\/yomequedoencasa\/?page_id=2548"},"modified":"2020-04-02T18:15:33","modified_gmt":"2020-04-02T16:15:33","slug":"weglot","status":"publish","type":"page","link":"https:\/\/mowomoevents.com\/yomequedoencasa\/patrocinadores\/weglot\/","title":{"rendered":"WEGLOT"},"content":{"rendered":"\n<figure class=\"wp-block-embed-youtube wp-block-embed is-type-video is-provider-youtube wp-embed-aspect-16-9 wp-has-aspect-ratio\"><div class=\"wp-block-embed__wrapper\">\n<iframe loading=\"lazy\" title=\"Translate Your Website With Weglot\" width=\"660\" height=\"371\" src=\"https:\/\/www.youtube.com\/embed\/12k3Q4MpK_c?feature=oembed\" frameborder=\"0\" allow=\"accelerometer; autoplay; clipboard-write; encrypted-media; gyroscope; picture-in-picture; web-share\" referrerpolicy=\"strict-origin-when-cross-origin\" allowfullscreen><\/iframe>\n<\/div><\/figure>\n\n\n\n<p>Creado para simplificar su proceso de traducci\u00f3n &#8211; <a href=\"https:\/\/weglot.com\/\" target=\"_blank\" rel=\"noreferrer noopener\" aria-label=\" (se abre en una nueva pesta\u00f1a)\">Weglot<\/a> es una forma fiable y f\u00e1cil de hacer cualquier sitio web multiling\u00fce en minutos.<\/p>\n\n\n\n<p>Instalaci\u00f3n r\u00e1pida y sin problemas &#8211; sin necesidad de codificaci\u00f3n y sin tiempo de desarrollo. <\/p>\n\n\n\n<p>Utiliza la interfaz simplificada de Weglot para gestionar tus traducciones y \nordenar la traducci\u00f3n manual adicional cuando sea necesario. Y, saluda a \nnuevas audiencias, como con Weglot todas sus p\u00e1ginas traducidas son \nautom\u00e1ticamente indexado en Google.<\/p>\n\n\n\n<p> Confiado por m\u00e1s de 50.000 propietarios y desarrolladores de sitios web,<a href=\"https:\/\/weglot.com\/integrations\/\" target=\"_blank\" rel=\"noreferrer noopener\" aria-label=\" (se abre en una nueva pesta\u00f1a)\"> Weglot es un plugin de traducci\u00f3n<\/a> que funciona.<\/p>\n\n\n\n<p>M\u00e1s informaci\u00f3n sobre Weglot en <a rel=\"noreferrer noopener\" aria-label=\"nuestra p\u00e1gina web (se abre en una nueva pesta\u00f1a)\" href=\"https:\/\/weglot.com\/\" target=\"_blank\">nuestra p\u00e1gina web<\/a> o en <a rel=\"noreferrer noopener\" aria-label=\"nuestra cuenta de twitter (se abre en una nueva pesta\u00f1a)\" href=\"https:\/\/twitter.com\/weglot\" target=\"_blank\">nuestra cuenta de twitter<\/a>.<\/p>\n\n\n\n<h2 class=\"wp-block-heading\">Promociones activas<\/h2>\n\n\n\n<p>Cup\u00f3n de descuento del 15% para 12 meses (el cup\u00f3n es v\u00e1lido hasta el 30\/04\/20) <\/p>\n\n\n\n<p class=\"has-text-align-center\"><strong>WGMO15<\/strong><\/p>\n\n\n\n<hr class=\"wp-block-separator is-style-wide\"\/>\n","protected":false},"excerpt":{"rendered":"<p>Creado para simplificar su proceso de traducci\u00f3n &#8211; Weglot es una forma fiable y f\u00e1cil de hacer cualquier sitio web multiling\u00fce en minutos. Instalaci\u00f3n r\u00e1pida y sin problemas &#8211; sin necesidad de codificaci\u00f3n y sin tiempo de desarrollo. Utiliza la interfaz simplificada de Weglot para gestionar tus traducciones y ordenar la traducci\u00f3n manual adicional cuando &hellip; <a href=\"https:\/\/mowomoevents.com\/yomequedoencasa\/patrocinadores\/weglot\/\" class=\"more-link\">Sigue leyendo <span class=\"screen-reader-text\">WEGLOT<\/span><\/a><\/p>\n","protected":false},"author":1,"featured_media":2544,"parent":29,"menu_order":0,"comment_status":"closed","ping_status":"closed","template":"","meta":{"footnotes":""},"yoast_head":"<!-- This site is optimized with the Yoast SEO plugin v22.7 - https:\/\/yoast.com\/wordpress\/plugins\/seo\/ -->\n<title>WEGLOT - #yomequedoencasa<\/title>\n<meta name=\"robots\" content=\"index, follow, max-snippet:-1, max-image-preview:large, max-video-preview:-1\" \/>\n<link rel=\"canonical\" href=\"https:\/\/mowomoevents.com\/yomequedoencasa\/patrocinadores\/weglot\/\" \/>\n<meta property=\"og:locale\" content=\"es_ES\" \/>\n<meta property=\"og:type\" content=\"article\" \/>\n<meta property=\"og:title\" content=\"WEGLOT - #yomequedoencasa\" \/>\n<meta property=\"og:description\" content=\"Creado para simplificar su proceso de traducci\u00f3n &#8211; Weglot es una forma fiable y f\u00e1cil de hacer cualquier sitio web multiling\u00fce en minutos. Instalaci\u00f3n r\u00e1pida y sin problemas &#8211; sin necesidad de codificaci\u00f3n y sin tiempo de desarrollo. Utiliza la interfaz simplificada de Weglot para gestionar tus traducciones y ordenar la traducci\u00f3n manual adicional cuando &hellip; Sigue leyendo WEGLOT\" \/>\n<meta property=\"og:url\" content=\"https:\/\/mowomoevents.com\/yomequedoencasa\/patrocinadores\/weglot\/\" \/>\n<meta property=\"og:site_name\" content=\"#yomequedoencasa\" \/>\n<meta property=\"article:modified_time\" content=\"2020-04-02T16:15:33+00:00\" \/>\n<meta property=\"og:image\" content=\"https:\/\/mowomoevents.com\/wp-content\/uploads\/sites\/2\/2020\/03\/logo-WEGLOT.jpg\" \/>\n\t<meta property=\"og:image:width\" content=\"700\" \/>\n\t<meta property=\"og:image:height\" content=\"384\" \/>\n\t<meta property=\"og:image:type\" content=\"image\/jpeg\" \/>\n<meta name=\"twitter:card\" content=\"summary_large_image\" \/>\n<meta name=\"twitter:label1\" content=\"Tiempo de lectura\" \/>\n\t<meta name=\"twitter:data1\" content=\"1 minuto\" \/>\n<script type=\"application\/ld+json\" class=\"yoast-schema-graph\">{\"@context\":\"https:\/\/schema.org\",\"@graph\":[{\"@type\":\"WebPage\",\"@id\":\"https:\/\/mowomoevents.com\/yomequedoencasa\/patrocinadores\/weglot\/\",\"url\":\"https:\/\/mowomoevents.com\/yomequedoencasa\/patrocinadores\/weglot\/\",\"name\":\"WEGLOT - #yomequedoencasa\",\"isPartOf\":{\"@id\":\"https:\/\/mowomoevents.com\/yomequedoencasa\/#website\"},\"primaryImageOfPage\":{\"@id\":\"https:\/\/mowomoevents.com\/yomequedoencasa\/patrocinadores\/weglot\/#primaryimage\"},\"image\":{\"@id\":\"https:\/\/mowomoevents.com\/yomequedoencasa\/patrocinadores\/weglot\/#primaryimage\"},\"thumbnailUrl\":\"https:\/\/mowomoevents.com\/wp-content\/uploads\/sites\/2\/2020\/03\/logo-WEGLOT.jpg\",\"datePublished\":\"2020-03-26T14:11:49+00:00\",\"dateModified\":\"2020-04-02T16:15:33+00:00\",\"breadcrumb\":{\"@id\":\"https:\/\/mowomoevents.com\/yomequedoencasa\/patrocinadores\/weglot\/#breadcrumb\"},\"inLanguage\":\"es\",\"potentialAction\":[{\"@type\":\"ReadAction\",\"target\":[\"https:\/\/mowomoevents.com\/yomequedoencasa\/patrocinadores\/weglot\/\"]}]},{\"@type\":\"ImageObject\",\"inLanguage\":\"es\",\"@id\":\"https:\/\/mowomoevents.com\/yomequedoencasa\/patrocinadores\/weglot\/#primaryimage\",\"url\":\"https:\/\/mowomoevents.com\/wp-content\/uploads\/sites\/2\/2020\/03\/logo-WEGLOT.jpg\",\"contentUrl\":\"https:\/\/mowomoevents.com\/wp-content\/uploads\/sites\/2\/2020\/03\/logo-WEGLOT.jpg\",\"width\":700,\"height\":384},{\"@type\":\"BreadcrumbList\",\"@id\":\"https:\/\/mowomoevents.com\/yomequedoencasa\/patrocinadores\/weglot\/#breadcrumb\",\"itemListElement\":[{\"@type\":\"ListItem\",\"position\":1,\"name\":\"Portada\",\"item\":\"https:\/\/mowomoevents.com\/yomequedoencasa\/\"},{\"@type\":\"ListItem\",\"position\":2,\"name\":\"Patrocinadores\",\"item\":\"https:\/\/mowomoevents.com\/yomequedoencasa\/patrocinadores\/\"},{\"@type\":\"ListItem\",\"position\":3,\"name\":\"WEGLOT\"}]},{\"@type\":\"WebSite\",\"@id\":\"https:\/\/mowomoevents.com\/yomequedoencasa\/#website\",\"url\":\"https:\/\/mowomoevents.com\/yomequedoencasa\/\",\"name\":\"#yomequedoencasa\",\"description\":\"Evento tecnol\u00f3gico ONLINE que tendr\u00e1 lugar del 23\/03\/2020 al 05\/05\/2020\",\"publisher\":{\"@id\":\"https:\/\/mowomoevents.com\/yomequedoencasa\/#organization\"},\"potentialAction\":[{\"@type\":\"SearchAction\",\"target\":{\"@type\":\"EntryPoint\",\"urlTemplate\":\"https:\/\/mowomoevents.com\/yomequedoencasa\/?s={search_term_string}\"},\"query-input\":\"required name=search_term_string\"}],\"inLanguage\":\"es\"},{\"@type\":\"Organization\",\"@id\":\"https:\/\/mowomoevents.com\/yomequedoencasa\/#organization\",\"name\":\"#yomequedoencasa\",\"url\":\"https:\/\/mowomoevents.com\/yomequedoencasa\/\",\"logo\":{\"@type\":\"ImageObject\",\"inLanguage\":\"es\",\"@id\":\"https:\/\/mowomoevents.com\/yomequedoencasa\/#\/schema\/logo\/image\/\",\"url\":\"https:\/\/mowomoevents.com\/wp-content\/uploads\/sites\/2\/2020\/03\/cropped-mowomo-event-yo-me-quedo-en-casa.png\",\"contentUrl\":\"https:\/\/mowomoevents.com\/wp-content\/uploads\/sites\/2\/2020\/03\/cropped-mowomo-event-yo-me-quedo-en-casa.png\",\"width\":248,\"height\":101,\"caption\":\"#yomequedoencasa\"},\"image\":{\"@id\":\"https:\/\/mowomoevents.com\/yomequedoencasa\/#\/schema\/logo\/image\/\"}}]}<\/script>\n<!-- \/ Yoast SEO plugin. -->","yoast_head_json":{"title":"WEGLOT - #yomequedoencasa","robots":{"index":"index","follow":"follow","max-snippet":"max-snippet:-1","max-image-preview":"max-image-preview:large","max-video-preview":"max-video-preview:-1"},"canonical":"https:\/\/mowomoevents.com\/yomequedoencasa\/patrocinadores\/weglot\/","og_locale":"es_ES","og_type":"article","og_title":"WEGLOT - #yomequedoencasa","og_description":"Creado para simplificar su proceso de traducci\u00f3n &#8211; Weglot es una forma fiable y f\u00e1cil de hacer cualquier sitio web multiling\u00fce en minutos. Instalaci\u00f3n r\u00e1pida y sin problemas &#8211; sin necesidad de codificaci\u00f3n y sin tiempo de desarrollo. Utiliza la interfaz simplificada de Weglot para gestionar tus traducciones y ordenar la traducci\u00f3n manual adicional cuando &hellip; Sigue leyendo WEGLOT","og_url":"https:\/\/mowomoevents.com\/yomequedoencasa\/patrocinadores\/weglot\/","og_site_name":"#yomequedoencasa","article_modified_time":"2020-04-02T16:15:33+00:00","og_image":[{"width":700,"height":384,"url":"https:\/\/mowomoevents.com\/wp-content\/uploads\/sites\/2\/2020\/03\/logo-WEGLOT.jpg","type":"image\/jpeg"}],"twitter_card":"summary_large_image","twitter_misc":{"Tiempo de lectura":"1 minuto"},"schema":{"@context":"https:\/\/schema.org","@graph":[{"@type":"WebPage","@id":"https:\/\/mowomoevents.com\/yomequedoencasa\/patrocinadores\/weglot\/","url":"https:\/\/mowomoevents.com\/yomequedoencasa\/patrocinadores\/weglot\/","name":"WEGLOT - #yomequedoencasa","isPartOf":{"@id":"https:\/\/mowomoevents.com\/yomequedoencasa\/#website"},"primaryImageOfPage":{"@id":"https:\/\/mowomoevents.com\/yomequedoencasa\/patrocinadores\/weglot\/#primaryimage"},"image":{"@id":"https:\/\/mowomoevents.com\/yomequedoencasa\/patrocinadores\/weglot\/#primaryimage"},"thumbnailUrl":"https:\/\/mowomoevents.com\/wp-content\/uploads\/sites\/2\/2020\/03\/logo-WEGLOT.jpg","datePublished":"2020-03-26T14:11:49+00:00","dateModified":"2020-04-02T16:15:33+00:00","breadcrumb":{"@id":"https:\/\/mowomoevents.com\/yomequedoencasa\/patrocinadores\/weglot\/#breadcrumb"},"inLanguage":"es","potentialAction":[{"@type":"ReadAction","target":["https:\/\/mowomoevents.com\/yomequedoencasa\/patrocinadores\/weglot\/"]}]},{"@type":"ImageObject","inLanguage":"es","@id":"https:\/\/mowomoevents.com\/yomequedoencasa\/patrocinadores\/weglot\/#primaryimage","url":"https:\/\/mowomoevents.com\/wp-content\/uploads\/sites\/2\/2020\/03\/logo-WEGLOT.jpg","contentUrl":"https:\/\/mowomoevents.com\/wp-content\/uploads\/sites\/2\/2020\/03\/logo-WEGLOT.jpg","width":700,"height":384},{"@type":"BreadcrumbList","@id":"https:\/\/mowomoevents.com\/yomequedoencasa\/patrocinadores\/weglot\/#breadcrumb","itemListElement":[{"@type":"ListItem","position":1,"name":"Portada","item":"https:\/\/mowomoevents.com\/yomequedoencasa\/"},{"@type":"ListItem","position":2,"name":"Patrocinadores","item":"https:\/\/mowomoevents.com\/yomequedoencasa\/patrocinadores\/"},{"@type":"ListItem","position":3,"name":"WEGLOT"}]},{"@type":"WebSite","@id":"https:\/\/mowomoevents.com\/yomequedoencasa\/#website","url":"https:\/\/mowomoevents.com\/yomequedoencasa\/","name":"#yomequedoencasa","description":"Evento tecnol\u00f3gico ONLINE que tendr\u00e1 lugar del 23\/03\/2020 al 05\/05\/2020","publisher":{"@id":"https:\/\/mowomoevents.com\/yomequedoencasa\/#organization"},"potentialAction":[{"@type":"SearchAction","target":{"@type":"EntryPoint","urlTemplate":"https:\/\/mowomoevents.com\/yomequedoencasa\/?s={search_term_string}"},"query-input":"required name=search_term_string"}],"inLanguage":"es"},{"@type":"Organization","@id":"https:\/\/mowomoevents.com\/yomequedoencasa\/#organization","name":"#yomequedoencasa","url":"https:\/\/mowomoevents.com\/yomequedoencasa\/","logo":{"@type":"ImageObject","inLanguage":"es","@id":"https:\/\/mowomoevents.com\/yomequedoencasa\/#\/schema\/logo\/image\/","url":"https:\/\/mowomoevents.com\/wp-content\/uploads\/sites\/2\/2020\/03\/cropped-mowomo-event-yo-me-quedo-en-casa.png","contentUrl":"https:\/\/mowomoevents.com\/wp-content\/uploads\/sites\/2\/2020\/03\/cropped-mowomo-event-yo-me-quedo-en-casa.png","width":248,"height":101,"caption":"#yomequedoencasa"},"image":{"@id":"https:\/\/mowomoevents.com\/yomequedoencasa\/#\/schema\/logo\/image\/"}}]}},"_links":{"self":[{"href":"https:\/\/mowomoevents.com\/yomequedoencasa\/wp-json\/wp\/v2\/pages\/2548"}],"collection":[{"href":"https:\/\/mowomoevents.com\/yomequedoencasa\/wp-json\/wp\/v2\/pages"}],"about":[{"href":"https:\/\/mowomoevents.com\/yomequedoencasa\/wp-json\/wp\/v2\/types\/page"}],"author":[{"embeddable":true,"href":"https:\/\/mowomoevents.com\/yomequedoencasa\/wp-json\/wp\/v2\/users\/1"}],"replies":[{"embeddable":true,"href":"https:\/\/mowomoevents.com\/yomequedoencasa\/wp-json\/wp\/v2\/comments?post=2548"}],"version-history":[{"count":5,"href":"https:\/\/mowomoevents.com\/yomequedoencasa\/wp-json\/wp\/v2\/pages\/2548\/revisions"}],"predecessor-version":[{"id":2770,"href":"https:\/\/mowomoevents.com\/yomequedoencasa\/wp-json\/wp\/v2\/pages\/2548\/revisions\/2770"}],"up":[{"embeddable":true,"href":"https:\/\/mowomoevents.com\/yomequedoencasa\/wp-json\/wp\/v2\/pages\/29"}],"wp:featuredmedia":[{"embeddable":true,"href":"https:\/\/mowomoevents.com\/yomequedoencasa\/wp-json\/wp\/v2\/media\/2544"}],"wp:attachment":[{"href":"https:\/\/mowomoevents.com\/yomequedoencasa\/wp-json\/wp\/v2\/media?parent=2548"}],"curies":[{"name":"wp","href":"https:\/\/api.w.org\/{rel}","templated":true}]}}